*y - 3*q + 4551 = 0, -2*y + 781 + 2259 = 4*q. Suppose 6*j - 1252 = y. List the prime factors of j.
461
Let r(j) = -j**2 + 32*j - 62. Suppose 7*g = 6*g - 2*i + 15, 4*i - 41 = -3*g. What are the prime factors of r(g)?
13
List the prime factors of ((-4456)/(-32))/(15489/1548 - 10).
43, 557
Suppose -28 - 14 = 3*k. Let p(r) = 3*r**2 + 18*r - 37. List the prime factors of p(k).
13, 23
What are the prime factors of (252/18)/(-28)*2*(1 + -9525)?
2, 2381
Suppose 3577 = -7*g + 34671. What are the prime factors of g?
2, 2221
Suppose 0 = 3*g + 1987 + 4682. List the prime factors of 1/4 - 10*g/72.
3, 103
Let t(o) = -o**3 + 2*o - 3. Let p be t(-2). List the prime factors of (p*2)/(10/2270 + 0).
2, 227
Suppose 5*c = -d + 38803, -6*c + 38806 = -c + 2*d. List the prime factors of c.
2, 5, 97
Let w be 40/(-12)*(-1 - (-4 + 0)). List the prime factors of -106*w*5/20.
5, 53
What are the prime factors of (-2632)/329 + (0 - -7646)?
2, 3, 19, 67
Suppose -1578 = -355*p + 352*p. Let w = p + -144. What are the prime factors of w?
2, 191
Suppose -6*m + 5 = -5*m. Suppose -63 = m*v + 22. Let b = v + 23. What are the prime factors of b?
2, 3
Let a(n) = 25*n**2 - 32*n - 157. Let s = -533 + 528. List the prime factors of a(s).
2, 157
Let l = 344 + -62. Let r = l - 246. List the prime factors of r.
2, 3
Let u be 3*-1*1/(12/(-128)). What are the prime factors of -5*(-33)/30*u?
2, 11
Let l(d) = 7*d**3 - d**2 - 10*d - 156. What are the prime factors of l(15)?
2, 3, 1283
Let n be (-110 - -102)/(-1 - (-27)/29). Let s = n - -312. List the prime factors of s.
2, 107
Let t(v) = -v**3 + 4*v**2 - 4*v + 3. Let q be t(2). Let l = q + 2. Suppose -3*a + l = -2*k - 201, -3*a - k + 212 = 0. List the prime factors of a.
2, 5, 7
Suppose -4*o + 45 = 5*m, 8 = 2*m - o + 3. Suppose -m*d = 15, 2*d + 264 = 3*v - 429. What are the prime factors of v?
229
Let v = -24 + 27. Suppose -v*z = z - 4. Let y = z - -57. List the prime factors of y.
2, 29
Let g = -44160 - -78178. List the prime factors of g.
2, 73, 233
Suppose 9 = -l + 3*v - 3, -2*l - v = -4. Suppose 2*u - 45 = -g, -28*g + 23 = u - 27*g. Suppose -u*p + 20*p + 422 = l. List the prime factors of p.
211
Let j(l) be the second derivative of -45*l**3/2 - 50*l**2 - 3*l + 2. List the prime factors of j(-4).
2, 5, 11
Let n(y) = 4*y**2 - y + 2. Let a be n(1). Suppose -5*t = -2*s + s - 18, -a*s + 10 = 0. List the prime factors of t/(-18) - 2193/(-27).
3
Suppose -5*s + 362639 = 2*p, 0 = -3*p + 55 - 49. List the prime factors of s.
7, 13, 797
Let b = 206 + -201. Suppose 3*u + 3*m - 1680 = 0, -b*u + 927 = -4*m - 1828. List the prime factors of u.
3, 5, 37
Suppose 11*q - 127*q + 3647280 = 52*q. What are the prime factors of q?
2, 5, 13, 167
Let v(h) = -h**3 - 4*h**2 - 6*h + 3. Let d be v(-3). Suppose d*y + 6642 = 18*y. What are the prime factors of y?
3, 41
Suppose 264*t + 2406689 = -73*t + 12367061. What are the prime factors of t?
2, 3, 821
Let u(r) = 2*r - 4*r + 4*r**2 - 20*r - 8. List the prime factors of u(9).
2, 59
Suppose 2*p - 3*l - 35 = 0, -5*l + 10*l = 2*p - 45. List the prime factors of -1*p/(-2) - -655.
2, 3, 5, 11
Suppose -5*h + 27376 = 3*s, -2*s + 2*h + 11760 = -6512. List the prime factors of s.
2, 3, 761
Let a(t) = 20*t**2 + 82*t**2 + 13*t + 4*t**2 + 16*t - 1. What are the prime factors of a(-3)?
2, 433
Let q = 7 + -13. Let d = q + 98. Suppose k + 19 - d = 0. What are the prime factors of k?
73
Let q = 34692 - 19008. What are the prime factors of q?
2, 3, 1307
Let k(p) = -6*p**3 - p**2 + 4*p - 9. Let h be (4*-2)/(4/(-2)*-1). Let n be k(h). Suppose -4*g + 33 = -n. List the prime factors of g.
2, 47
Let a = 8207 - 1516. What are the prime factors of a?
6691
What are the prime factors of 6 - (9 - (-383 + -12))*(-311)/4?
89, 353
Let j = -45 - -50. Suppose 576 = j*f - 2*f. List the prime factors of (5 - 6)/(-1 + 190/f).
2, 3
Let g(m) = -4*m**2 - 23 - 102*m - 7*m + 3*m**2 - 2 - 2*m**2. What are the prime factors of g(-31)?
3, 157
Suppose 2*a = 26*a + 61512. Let p = -1753 - a. List the prime factors of p.
2, 3, 5
Suppose 0 = 36*q - 13745 + 5621 - 22548. What are the prime factors of q?
2, 3, 71
Let d(u) = u**2 - 16*u - 5. Let b be d(-7). Suppose -3*j + 412 = 4*l - 3*l, 0 = j + 5*l - b. List the prime factors of j.
2, 17
Suppose -2 = 5*n + 5*o + 18, -5*n - 20 = -5*o. Let a be -4 - (4 - n)*-1. Suppose -7*d + 318 = -a*d. What are the prime factors of d?
2, 53
Let a(b) = b - 3. Let l be a(5). Suppose -3*j - l*j = 485. Let d = 183 + j. List the prime factors of d.
2, 43
List the prime factors of 7 + 7847 + 0 + 17.
17, 463
Let d(q) = 121*q - 96*q + 178*q - 203. What are the prime factors of d(9)?
2, 7, 29
Let v be 2/(-9) + (-21684)/(-54)*-5. Let f = -994 - v. What are the prime factors of f?
2, 3, 13
Let a = -3534 - -24350. What are the prime factors of a?
2, 1301
Let o(n) = -5*n**3 - 13*n**2 - 3*n + 32. What are the prime factors of o(-9)?
11, 241
Let o = -23 + 23. Suppose 0 = 3*v - 5*f, o*f + 2*f - 26 = -4*v. Suppose -2*z - v*k + 174 = z, -4*k = 0. What are the prime factors of z?
2, 29
Let t be ((-9)/6 + 1)/((-8)/80). Suppose -387 + 95 = -t*q + l, 5*l = -q + 48. List the prime factors of q.
2, 29
Suppose 24*r - 3*r + 4*r - 145100 = 0. What are the prime factors of r?
2, 1451
Let x = 28192 + -2715. What are the prime factors of x?
73, 349
Suppose 11 = 4*a - 5*l, 2*a = l + l + 6. Suppose a*h = 1311 + 221. Suppose h - 137 = 3*f - 3*z, z = -5*f + 416. What are the prime factors of f?
83
Let o(s) = 6*s - 1 - 5*s + 7*s**2 + 1 + 2. Suppose 2*k = -13 + 5. List the prime factors of o(k).
2, 5, 11
Let m(i) = -53*i + 13. Let f(x) be the first derivative of -9*x**2 + 4*x - 3. Let g(a) = 11*f(a) - 4*m(a). What are the prime factors of g(3)?
2, 17
Let z(a) = -2*a**2 + 5*a - 3. Let j be z(-6). Let u(f) = -53*f + 1567. Let t be u(36). Let m = j - t. What are the prime factors of m?
2, 59
What are the prime factors of (18152 + (3 - 1 - 1))/((-3)/(-2))?
2, 3, 2017
Let s(u) = 160*u - 45. Let k be 8/(-6)*(-48)/16. What are the prime factors of s(k)?
5, 7, 17
Let o = 2738 - -828. Suppose -3*v - k - 680 = -o, -5*v + k + 4818 = 0. List the prime factors of v.
3, 107
List the prime factors of (-2)/(-14) + 572/(-21)*(-152955)/330.
5, 101
Let j be (10179/(-12))/(-1) + (-9)/36. Suppose 2*t = 4*i + j, 4*t = -2*i + 1646 + 60. What are the prime factors of t?
2, 3, 71
Let m(l) = l**3 + 9*l**2 - 15*l - 18. Let y = -47 + 49. Suppose -2*n - 3*n - 40 = 2*b, 2*b + 12 = y*n. What are the prime factors of m(b)?
2
Suppose -2*v + 6 = 4*h, -3*v + 4*h + 2 = 3*h. Let l be 518*(-3*(-1)/2)/v. Suppose -l + 1 = -4*d. What are the prime factors of d?
2, 97
Let i = 217 + -104. Let n = 747 - i. Let k = -425 + n. What are the prime factors of k?
11, 19
Let w = 114429 - 44311. List the prime factors of w.
2, 35059
What are the prime factors of (3709/(-4))/((-10)/40)?
3709
Let z be (-25)/(-6) + 7/(-42). Suppose -4*w - w = -z*a + 4, 0 = -w + 4. Suppose 0 = -a*m + m + 880. What are the prime factors of m?
2, 11
Let f = 318 - 312. What are the prime factors of f/8 + 8556/48?
179
Let v = -4047 + 6821. List the prime factors of v.
2, 19, 73
Suppose -2 = -21*y + 20*y. Suppose y = 2*b - 0. List the prime factors of b*(-3 - -5) + 11.
13
Suppose 19*d - 10*d = -27. What are the prime factors of (-2)/d - (-6630)/18?
3, 41
Let w = -83 + 83. List the prime factors of 0 + w - 5 - -356.
3, 13
Suppose -31*m + 26*m - 5*x + 5070 = 0, -3*m - 4*x + 3042 = 0. Suppose k - 3*k + m = 0. What are the prime factors of k?
3, 13
List the prime factors of 115655/19 - 142/1349.
3, 2029
Let l(j) = 935*j**2 - 61*j - 112. List the prime factors of l(7).
2, 3, 7, 11
Let y = -644 + 757. Let z = y + 28. List the prime factors of z.
3, 47
Suppose -27*s + 35468 + 66754 = 0. What are the prime factors of s?
2, 3, 631
Suppose -1492*x + 1488*x = -2*l + 96830, 96851 = 2*l + 3*x. List the prime factors of l.
41, 1181
Let x = 5190 - 1535. What are the prime factors of x?
5, 17, 43
Suppose 186*k = 89*k + 92*k + 63430. List the prime factors of k.
2, 6343
Let v = 325 + 769. Suppose -526 = -9*m + v. List the prime factors of m.
2, 3, 5
Suppose 8 = -13*t + 8. Suppose t = 12*m - 13538 + 1898. What are the prime factors of m?
2, 5, 97
Let u(w) = 4*w**2 - 9*w + 10. Let z(y) = y**2 - 10*y + 8. Let j(s) = 4*u(s) - 3*z(s). What are the prime factors of